 composite?
True
Suppose 5 = h + 1. Let u be 18/4 + (-2)/h. Is 507/u + 4/16 a composite number?
False
Let s(w) = 72*w - 17. Suppose d - 65 = -4*d. Is s(d) a composite number?
False
Let y(s) = s - s**3 + 185 + 54 + 12. Is y(0) prime?
True
Suppose 2*p - 2 = 8. Suppose 94 = p*v + 3*g, 5*v + 4*g = v + 72. Let y = 33 - v. Is y composite?
False
Suppose -3*i - 495 = -2*y, -i - 3*y = -0*i + 165. Let b(u) = 10*u**2 - 6*u + 4. Let r be b(6). Let h = r + i. Is h a composite number?
False
Let t(j) = 33*j**3 + 18*j**2 - 15*j + 29. Is t(8) prime?
True
Let f(k) = -k**2 + 26*k + 8. Let i be f(22). Suppose t + i = 383. Is t a composite number?
True
Let m be ((-27)/(-4))/((-5)/120). Let b be (-2)/(-9) - 451620/m. Suppose -1168 = -4*u + b. Is u prime?
False
Let k be 14*(32/14 - 2)*31. Let l = 603 - k. Is l prime?
True
Suppose -2*a = -a - 5. Suppose 5*t + 25 = a*c, -2 + 14 = -4*t. Suppose -51 - 41 = -c*m. Is m prime?
False
Suppose 0 = -7*v + 5*a + 23075, -3*a - 6 = -0. Is v composite?
True
Suppose 0 = 3*a - 3*q - 20952, 0 = -4*a - q + 2*q + 27951. Is a a composite number?
True
Is (135678/(-18))/((-2)/6) prime?
True
Let y(z) = z**3 + z**2 - z + 1. Let s(u) = 36*u**3 + 5*u**2 + 3*u + 2. Let j(r) = -s(r) + y(r). Is j(-2) a prime number?
True
Let u(h) = 43*h**2 + 3*h - 3. Let m be u(5). Suppose 23*v = 24*v - m. Is v a composite number?
False
Let o = -89 - -109. Suppose -o*t + 39862 = -t. Is t a composite number?
True
Let x = 1184 + 177. Is x a prime number?
True
Is (15177/12 + 13)*(1 + 3) a composite number?
True
Let n(c) = 1868*c**2 - 3*c + 1. Let d be n(3). Let i = 23691 - d. Suppose -5*v + 2*w = -i, -3*w - 6903 = -5*v - 5*w. Is v prime?
False
Let q = 29145 - 17864. Is q composite?
True
Let u = 37240 - 3347. Is u a composite number?
False
Suppose 4*n + 4*x = 163024, 12*x = -n + 14*x + 40765. Is n composite?
False
Let g = -66 + 69. Suppose 4*y + 4*l = g*l + 1945, -3*y + 1435 = -4*l. Is y a composite number?
True
Suppose y = 4*a - 2*a - 21198, -52965 = -5*a - 5*y. Is a a composite number?
False
Suppose 5*y + 14 = -c - 18, 0 = y + 5*c + 16. Let s be y + (-4)/(0 - 4). Is (s/4)/(5/(-140)) prime?
False
Suppose -5*d - 37070 = -5*o, 6*o - 4*o = 4*d + 14834. Is o composite?
False
Suppose 3*w + 5*x - 1940 = -2*w, 0 = x + 1. Is w a composite number?
False
Suppose b - 4*p - 22 = 0, -5*b + 2*p - p + 15 = 0. Suppose -u + 1416 = b*u. Suppose -3*q - 6*m + u = -m, -765 = -5*q - 4*m. Is q composite?
False
Let d(h) = 5*h - 30*h**3 + 5*h + 5 - 2*h**2 - 13*h + 5*h. Is d(-3) composite?
True
Let g be (-4)/(-6) - (-7)/3. Let b = 69 + -72. Let z = g - b. Is z a composite number?
True
Suppose 3*n = 57 + 48. Suppose -2*t - 3*t = n. Let p(r) = 17*r**2 + 6*r. Is p(t) a prime number?
False
Suppose 5*k - 2*m - 7354 = 11699, 2*m = -k + 3801. Is k a prime number?
False
Let d(f) = -f**3 + f**2 - 2*f + 2. Let n be d(4). Let m = n + 143. Let h = 156 - m. Is h a composite number?
False
Suppose -23*d + 4*i + 27587 = -18*d, 4*d + i = 22078. Is d composite?
False
Suppose 12328 = 23*h - 15*h. Is h prime?
False
Let n = -15 + 19. Suppose -n*x - 63 = -j - 501, -440 = -4*x + 2*j. Is x composite?
False
Suppose -3*h + 4*v + 94 + 0 = 0, -3*v + 87 = 3*h. Suppose -3*b - h = 5*y, b = 2*y + 4*b + 12. Let u(p) = -p**2 - 10*p - 5. Is u(y) prime?
True
Is (-14)/(-105) - (-4)/(-30)*-16934 prime?
False
Let v be (-2)/(-3) - 172/6. Let i = v - -56. Suppose -6*l = -2*l - i. Is l prime?
True
Suppose 2*p = 5*c - 16, -5*p - 4*c + 6 = -20. Suppose p*k = 8*k - 942. Is k composite?
False
Let j(k) = 3685*k - 2. Is j(1) a composite number?
True
Let i = -2017 + 6116. Is i a composite number?
False
Let j = 16 - 13. Is j + 36/(-10) - 12992/(-20) a prime number?
False
Let z(y) = 5*y - 1. Let c(d) = -2*d - 1 - 3*d + d + 2. Let j(b) = -5*c(b) - 6*z(b). Is j(-2) a prime number?
False
Suppose -3*u - n + 4079 = 0, 2*n = -5*u + 4*n + 6813. Is u composite?
False
Suppose 2*o = -2*x + 26618, o - 4*x - 13305 = -3*x. Is o a composite number?
True
Let q = 3841 - 2392. Suppose r = -8*r + q. Is r a composite number?
True
Is (-10542)/(-22) - 16*(-13)/(-1144) a prime number?
True
Let m(h) = h**2 - 3*h - 2. Let s be m(-1). Suppose -4*x = 2*r - 226, 3*r - 280 = -3*x - s*x. Is x a composite number?
False
Let r(h) = 12*h**3 - 1. Let o be r(-1). Let l(m) = 7*m**3 + 18*m**2 - 24*m - 6. Let y(z) = z**3 + z**2 - z - 1. Let s(t) = l(t) - 6*y(t). Is s(o) prime?
False
Let t be (-36)/(-24)*20/6. Let d(h) = 247*h - 28. Is d(t) prime?
False
Let h = 8701 + -5042. Is h composite?
False
Suppose 6*z - 154 = -k + 387, -2*z = -k + 541. Is k composite?
False
Suppose 5*x - 2*b - 27158 = -6697, 12276 = 3*x - b. Is x a composite number?
False
Suppose -1 - 1 = 2*f. Let b be (4 - (2 + f)) + -6. Let g(o) = -208*o + 7. Is g(b) a prime number?
True
Suppose 0 = 4*f - l - 84604, -4*f + 84604 = -8*l + 6*l. Is f prime?
False
Let j(t) = -2*t + 1. Let l be j(-2). Suppose -2*f = -4*i + f, i - l*f = 0. Suppose -5*o + 7*o - 166 = i. Is o a composite number?
False
Suppose 9818 = 148*p - 146*p. Is p prime?
True
Suppose 0 = 22*n - 42651 - 61475. Is n a composite number?
False
Let t(w) = 907*w + 2. Let o be t(1). Suppose -6547 + o = -2*v. Is v prime?
True
Suppose 40 = -5*v - 3*k - 15, -4*v = -5*k + 7. Let a = -19 + -1. Is (-247)/(-5) - v/a composite?
True
Let j(m) = -m**2 - 35*m + 19. Let x be j(-20). Suppose 7*w = 5302 + x. Is w prime?
False
Let g(t) = -t**3 + 1. Let q be g(-1). Suppose 0 = -3*p - 2*o - 8, -4*p - q = -o - 6. Is ((-3)/6 - p)*-110 a composite number?
True
Let t = 7891 - -6881. Is t/10 + (8/10 - 1) composite?
True
Is -1 + (-14)/(-8) + 4184150/536 composite?
True
Is ((-5410)/(-6))/((-49)/(-21) - 2) a prime number?
False
Let c = 414 - 92. Suppose -4*b + 2368 = -4*m, c = 3*b - m - 1444. Is b composite?
False
Let z(h) = -h**3 - 12*h**2 + 18*h + 21. Suppose 0*b - 5*b - 15 = 0. Let o be -34*1/2 - b. Is z(o) composite?
True
Let d = 101 + 164. Is d a composite number?
True
Let z = 411 + -236. Suppose -u - z = -2726. Is u a composite number?
False
Suppose 4*x + 0*x - 20 = -2*r, -12 = -4*x + 2*r. Suppose 5*o = x*o - 4*k + 245, -2*o = -2*k - 540. Is o composite?
True
Let b(n) = -1074*n + 307. Is b(-8) a composite number?
True
Suppose 3*b + 0*b = -4*o + 1527, -2*b - o + 1018 = 0. Suppose -5092 = -3*a + b. Is a a composite number?
False
Let d = 32 - 20. Let x(r) = r**3 - 13*r**2 + 10*r + 15. Let s be x(d). Is (-2261)/s + 14/(-63) a prime number?
True
Suppose p - 11 = -0*p. Let x = p + -6. Suppose -555 - 230 = -x*l. Is l a prime number?
True
Suppose y = -2*b + 2565, -5*y + 4*b + 12847 = 3*b. Is y prime?
False
Let i be 12/4 + 2 + 1. Suppose -3*j + 483 = 5*k, -2*j - i*k + 322 = -2*k. Suppose -24 = c - 2*s - j, -c = -s - 140. Is c composite?
True
Let b(w) = -23*w**2 + 3*w - 4. Let n(t) = 369*t**2 - 48*t + 63. Let h(a) = 33*b(a) + 2*n(a). Let y be h(3). Let v = y - -331. Is v a composite number?
True
Suppose -4*c = -2*c - 10, 3*z = 5*c - 640. Let g(o) = 5*o**2 - 7*o - 7. Let b be g(-7). Let a = b + z. Is a a prime number?
False
Let f = 0 + 4. Let p(y) = 6*y**3 + 2*y. Let w(m) = 17*m**3 - m**2 + 7*m - 1. Let b(n) = -8*p(n) + 3*w(n). Is b(f) composite?
True
Let k(x) = 2*x**2 - 6*x - 5. Let j(w) = -w + 16. Let q be (9/4)/((-8)/(-32)). Let g be j(q). Is k(g) a composite number?
True
Let h be ((-1133)/33)/((-2)/(-132)). Let v = -1611 - h. Suppose 5*f - v = -5*j, -2*j + 251 = 3*f - 15. Is j a composite number?
False
Let u(c) = c**3 - c**2 - 3*c + 4. Let s be -1 + 2 - (1 + -3). Let o be u(s). Suppose 14*d - 535 = o*d. Is d a composite number?
True
Suppose 5*m - 862 = -j, 4*m = 2*j - 0*m - 1738. Is j - ((-22)/(-11) - (-3 + 1)) a prime number?
True
Suppose -4*w + 1533 = -1147. Let b = -375 + w. Is b a composite number?
True
Suppose c + 0 = l + 4, -8 = -2*c - 4*l. Suppose -5*v = -2*o - 71 + 24, 0 = -3*v - o + 37. Let m = v - c. Is m prime?
True
Suppose -26 + 89 = -3*t. Let b be 7*(24/t)/(-4). Suppose 0 = -5*f - b*f + 1281. Is f a prime number?
False
Let p(d) = 1086*d**2 + 4*d + 5. Is p(-1) composite?
False
Let r = 9 - -1. Suppose r = -5*v, -2*m - 468 = 3*m + 4*v. Is m/(-3)*(-9)/(-6) prime?
False
Let x(m) = m**3 + 9*m**2 - 12*m - 13. Let w(o) = -o**2 + 15*o + 24. Let n be w(17). Let s be x(n). Is 14/s - (-49 - 0) composite?
True
Suppose -4*r = v - 2, r - 6 = -3*v - 0. Suppose 0 = -v*b + 4*b. Suppose 4*